{"id":28,"date":"2024-05-23T22:21:41","date_gmt":"2024-05-23T20:21:41","guid":{"rendered":"https:\/\/comite-ecologique-ariegeois.org\/?page_id=28"},"modified":"2026-02-19T12:46:43","modified_gmt":"2026-02-19T11:46:43","slug":"nos-engagements","status":"publish","type":"page","link":"https:\/\/comite-ecologique-ariegeois.org\/?page_id=28","title":{"rendered":"Nos engagements"},"content":{"rendered":"\t\t<div data-elementor-type=\"wp-page\" data-elementor-id=\"28\" class=\"elementor elementor-28\">\n\t\t\t\t<div class=\"elementor-element elementor-element-144690d0 e-flex e-con-boxed e-con e-parent\" data-id=\"144690d0\" data-element_type=\"container\">\n\t\t\t\t\t<div class=\"e-con-inner\">\n\t\t\t\t<div class=\"elementor-element elementor-element-f556a13 elementor-widget elementor-widget-spacer\" data-id=\"f556a13\" data-element_type=\"widget\" data-widget_type=\"spacer.default\">\n\t\t\t\t<div class=\"elementor-widget-container\">\n\t\t\t\t\t\t\t<div class=\"elementor-spacer\">\n\t\t\t<div class=\"elementor-spacer-inner\"><\/div>\n\t\t<\/div>\n\t\t\t\t\t\t<\/div>\n\t\t\t\t<\/div>\n\t\t\t\t<div class=\"elementor-element elementor-element-23012b7c elementor-widget elementor-widget-text-editor\" data-id=\"23012b7c\" data-element_type=\"widget\" data-widget_type=\"text-editor.default\">\n\t\t\t\t<div class=\"elementor-widget-container\">\n\t\t\t\t\t\t\t\t\t\n<h2 class=\"wp-block-heading\">Nos engagements<\/h2>\t\t\t\t\t\t\t\t<\/div>\n\t\t\t\t<\/div>\n\t\t\t\t\t<\/div>\n\t\t\t\t<\/div>\n\t\t<div class=\"elementor-element elementor-element-20edc97 e-flex e-con-boxed e-con e-parent\" data-id=\"20edc97\" data-element_type=\"container\">\n\t\t\t\t\t<div class=\"e-con-inner\">\n\t\t<div class=\"elementor-element elementor-element-6b841cb5 e-con-full e-grid e-con e-child\" data-id=\"6b841cb5\" data-element_type=\"container\" data-settings=\"{&quot;background_background&quot;:&quot;classic&quot;}\">\n\t\t<div class=\"elementor-element elementor-element-1b6296a0 e-con-full e-flex e-con e-child\" data-id=\"1b6296a0\" data-element_type=\"container\">\n\t\t<div class=\"elementor-element elementor-element-7a52d4ea e-con-full e-flex e-con e-child\" data-id=\"7a52d4ea\" data-element_type=\"container\">\n\t\t\t\t<div class=\"elementor-element elementor-element-5dd8cf44 elementor-widget elementor-widget-heading\" data-id=\"5dd8cf44\" data-element_type=\"widget\" data-widget_type=\"heading.default\">\n\t\t\t\t<div class=\"elementor-widget-container\">\n\t\t\t\t\t<h3 class=\"elementor-heading-title elementor-size-default\"><a href=\"https:\/\/comite-ecologique-ariegeois.org\/?page_id=339\">Actions en justice<\/a><\/h3>\t\t\t\t<\/div>\n\t\t\t\t<\/div>\n\t\t\t\t<div class=\"elementor-element elementor-element-2d919aac elementor-widget elementor-widget-image\" data-id=\"2d919aac\" data-element_type=\"widget\" data-widget_type=\"image.default\">\n\t\t\t\t<div class=\"elementor-widget-container\">\n\t\t\t\t\t\t\t\t\t\t\t\t\t\t\t\t<a href=\"https:\/\/comite-ecologique-ariegeois.org\/?page_id=339\">\n\t\t\t\t\t\t\t<img decoding=\"async\" src=\"https:\/\/comite-ecologique-ariegeois.org\/wp-content\/uploads\/elementor\/thumbs\/Photo-CEA-Palais-justice-Foix_30-01-2025_NX-r0s2t0pk4ecyehcc1ee08qvtngacgdn3q2lyogca10.jpg\" title=\"Photo CEA Palais justice Foix_30 01 2025_NX\" alt=\"Photo CEA Palais justice Foix_30 01 2025_NX\" loading=\"lazy\" \/>\t\t\t\t\t\t\t\t<\/a>\n\t\t\t\t\t\t\t\t\t\t\t\t\t\t\t<\/div>\n\t\t\t\t<\/div>\n\t\t\t\t<div class=\"elementor-element elementor-element-37c92404 elementor-widget elementor-widget-text-editor\" data-id=\"37c92404\" data-element_type=\"widget\" data-widget_type=\"text-editor.default\">\n\t\t\t\t<div class=\"elementor-widget-container\">\n\t\t\t\t\t\t\t\t\t<p>Si aucune autre voie raisonnable ne peut se mettre en place, le CEA peut d\u00e9cider de se pourvoir devant les diff\u00e9rentes juridictions. Retrouvez <a href=\"https:\/\/comite-ecologique-ariegeois.org\/?page_id=339\">nos actions pass\u00e9es et en cours<\/a><\/p>\t\t\t\t\t\t\t\t<\/div>\n\t\t\t\t<\/div>\n\t\t\t\t<\/div>\n\t\t\t\t<\/div>\n\t\t<div class=\"elementor-element elementor-element-c610bb8 e-con-full e-flex e-con e-child\" data-id=\"c610bb8\" data-element_type=\"container\">\n\t\t<div class=\"elementor-element elementor-element-62ab5834 e-con-full e-flex e-con e-child\" data-id=\"62ab5834\" data-element_type=\"container\">\n\t\t\t\t<div class=\"elementor-element elementor-element-7b27af95 elementor-widget elementor-widget-heading\" data-id=\"7b27af95\" data-element_type=\"widget\" data-widget_type=\"heading.default\">\n\t\t\t\t<div class=\"elementor-widget-container\">\n\t\t\t\t\t<h3 class=\"elementor-heading-title elementor-size-default\"><a href=\"https:\/\/comite-ecologique-ariegeois.org\/?page_id=803\">Nos dossiers<\/a><\/h3>\t\t\t\t<\/div>\n\t\t\t\t<\/div>\n\t\t\t\t<div class=\"elementor-element elementor-element-4fc419eb elementor-widget__width-initial elementor-widget elementor-widget-image\" data-id=\"4fc419eb\" data-element_type=\"widget\" data-widget_type=\"image.default\">\n\t\t\t\t<div class=\"elementor-widget-container\">\n\t\t\t\t\t\t\t\t\t\t\t\t\t\t\t\t<a href=\"https:\/\/comite-ecologique-ariegeois.org\/?page_id=803\">\n\t\t\t\t\t\t\t<img fetchpriority=\"high\" decoding=\"async\" width=\"930\" height=\"620\" src=\"https:\/\/comite-ecologique-ariegeois.org\/wp-content\/uploads\/2024\/12\/Photo-CEA_Vallee-de-La-Maure_NX_01-07-2005-930x620.jpg\" class=\"attachment-neve-blog size-neve-blog wp-image-6637\" alt=\"\" \/>\t\t\t\t\t\t\t\t<\/a>\n\t\t\t\t\t\t\t\t\t\t\t\t\t\t\t<\/div>\n\t\t\t\t<\/div>\n\t\t\t\t<div class=\"elementor-element elementor-element-7d76309b elementor-widget elementor-widget-text-editor\" data-id=\"7d76309b\" data-element_type=\"widget\" data-widget_type=\"text-editor.default\">\n\t\t\t\t<div class=\"elementor-widget-container\">\n\t\t\t\t\t\t\t\t\t<p>Les sujets d\u00e9fendus par le CEA concernent de nombreux domaines : <a href=\"https:\/\/comite-ecologique-ariegeois.org\/?page_id=935\">biodiversit\u00e9<\/a> ; <a href=\"https:\/\/comite-ecologique-ariegeois.org\/?page_id=343\">eau<\/a> ; <a href=\"https:\/\/comite-ecologique-ariegeois.org\/?page_id=1231\">\u00e9nergie, climat<\/a> ; <a href=\"https:\/\/comite-ecologique-ariegeois.org\/?page_id=3786\">am\u00e9nagements, urbanisme ;<\/a> <a href=\"https:\/\/comite-ecologique-ariegeois.org\/?page_id=347\">agriculture, sant\u00e9, cadre de vie<\/a> ; <a href=\"https:\/\/comite-ecologique-ariegeois.org\/?page_id=4111\">gravi\u00e8res, mines, carri\u00e8res<\/a>&#8230;<\/p>\t\t\t\t\t\t\t\t<\/div>\n\t\t\t\t<\/div>\n\t\t\t\t<\/div>\n\t\t\t\t<\/div>\n\t\t<div class=\"elementor-element elementor-element-7d25a78c e-con-full e-flex e-con e-child\" data-id=\"7d25a78c\" data-element_type=\"container\">\n\t\t\t\t<div class=\"elementor-element elementor-element-a8bf895 elementor-widget elementor-widget-heading\" data-id=\"a8bf895\" data-element_type=\"widget\" data-widget_type=\"heading.default\">\n\t\t\t\t<div class=\"elementor-widget-container\">\n\t\t\t\t\t<h3 class=\"elementor-heading-title elementor-size-default\"><a href=\"https:\/\/comite-ecologique-ariegeois.org\/?page_id=1259\">Commissions<br><\/a><\/h3>\t\t\t\t<\/div>\n\t\t\t\t<\/div>\n\t\t\t\t<div class=\"elementor-element elementor-element-289b611 elementor-widget elementor-widget-image\" data-id=\"289b611\" data-element_type=\"widget\" data-widget_type=\"image.default\">\n\t\t\t\t<div class=\"elementor-widget-container\">\n\t\t\t\t\t\t\t\t\t\t\t\t\t\t\t<img decoding=\"async\" width=\"1024\" height=\"506\" src=\"https:\/\/comite-ecologique-ariegeois.org\/wp-content\/uploads\/2026\/01\/Photo-CEA-5300-Prefecture_NX_01-02-2025_01-1-1-1024x506.jpg\" class=\"attachment-large size-large wp-image-10813\" alt=\"\" srcset=\"https:\/\/comite-ecologique-ariegeois.org\/wp-content\/uploads\/2026\/01\/Photo-CEA-5300-Prefecture_NX_01-02-2025_01-1-1-1024x506.jpg 1024w, https:\/\/comite-ecologique-ariegeois.org\/wp-content\/uploads\/2026\/01\/Photo-CEA-5300-Prefecture_NX_01-02-2025_01-1-1-300x148.jpg 300w, https:\/\/comite-ecologique-ariegeois.org\/wp-content\/uploads\/2026\/01\/Photo-CEA-5300-Prefecture_NX_01-02-2025_01-1-1-768x379.jpg 768w\" sizes=\"(max-width: 1024px) 100vw, 1024px\" \/>\t\t\t\t\t\t\t\t\t\t\t\t\t\t\t<\/div>\n\t\t\t\t<\/div>\n\t\t\t\t<div class=\"elementor-element elementor-element-7347dd45 elementor-widget elementor-widget-text-editor\" data-id=\"7347dd45\" data-element_type=\"widget\" data-widget_type=\"text-editor.default\">\n\t\t\t\t<div class=\"elementor-widget-container\">\n\t\t\t\t\t\t\t\t\t<p>\u00a0<\/p>\n<p>Nous si\u00e9geons dans les <a href=\"https:\/\/comite-ecologique-ariegeois.org\/?page_id=1259\">commissions administratives<\/a> en tant<strong> qu\u2019association de protection de l\u2019environnement (APNE) agr\u00e9\u00e9e et habilit\u00e9e par la pr\u00e9fecture<\/strong>.<\/p>\t\t\t\t\t\t\t\t<\/div>\n\t\t\t\t<\/div>\n\t\t\t\t<div class=\"elementor-element elementor-element-f0dda9e elementor-widget elementor-widget-image\" data-id=\"f0dda9e\" data-element_type=\"widget\" data-widget_type=\"image.default\">\n\t\t\t\t<div class=\"elementor-widget-container\">\n\t\t\t\t\t\t\t\t\t\t\t\t\t\t\t<img decoding=\"async\" src=\"https:\/\/comite-ecologique-ariegeois.org\/wp-content\/uploads\/2025\/02\/Photo-CEA-5300-Prefecture_NX_01-02-2025_01-1.jpg\" title=\"\" alt=\"\" loading=\"lazy\" \/>\t\t\t\t\t\t\t\t\t\t\t\t\t\t\t<\/div>\n\t\t\t\t<\/div>\n\t\t<div class=\"elementor-element elementor-element-3882fd07 e-con-full e-flex e-con e-child\" data-id=\"3882fd07\" data-element_type=\"container\">\n\t\t\t\t<div class=\"elementor-element elementor-element-3993cee elementor-widget elementor-widget-image\" data-id=\"3993cee\" data-element_type=\"widget\" data-widget_type=\"image.default\">\n\t\t\t\t<div class=\"elementor-widget-container\">\n\t\t\t\t\t\t\t\t\t\t\t\t\t\t\t\t<a href=\"https:\/\/comite-ecologique-ariegeois.org\/?page_id=1259\">\n\t\t\t\t\t\t\t<img decoding=\"async\" src=\"https:\/\/comite-ecologique-ariegeois.org\/wp-content\/uploads\/2025\/02\/Photos-5300-chantiers-Fibre-CD-09_D501-et-D-119_01-02-2025-057_01.jpg\" title=\"\" alt=\"\" loading=\"lazy\" \/>\t\t\t\t\t\t\t\t<\/a>\n\t\t\t\t\t\t\t\t\t\t\t\t\t\t\t<\/div>\n\t\t\t\t<\/div>\n\t\t\t\t<\/div>\n\t\t\t\t<\/div>\n\t\t\t\t<\/div>\n\t\t\t\t\t<\/div>\n\t\t\t\t<\/div>\n\t\t\t\t<\/div>\n\t\t","protected":false},"excerpt":{"rendered":"<p>Nos engagements Actions en justice Si aucune autre voie raisonnable ne peut se mettre en place, le CEA peut d\u00e9cider de se pourvoir devant les diff\u00e9rentes juridictions. Retrouvez nos actions pass\u00e9es et en cours Nos dossiers Les sujets d\u00e9fendus par le CEA concernent de nombreux domaines : biodiversit\u00e9 ; eau ; \u00e9nergie, climat ; am\u00e9nagements,&hellip;&nbsp;<a href=\"https:\/\/comite-ecologique-ariegeois.org\/?page_id=28\" rel=\"bookmark\">Lire la suite &raquo;<span class=\"screen-reader-text\">Nos engagements<\/span><\/a><\/p>\n","protected":false},"author":2,"featured_media":0,"parent":0,"menu_order":0,"comment_status":"closed","ping_status":"closed","template":"","meta":{"neve_meta_sidebar":"","neve_meta_container":"","neve_meta_enable_content_width":"","neve_meta_content_width":0,"neve_meta_title_alignment":"","neve_meta_author_avatar":"","neve_post_elements_order":"","neve_meta_disable_header":"","neve_meta_disable_footer":"","neve_meta_disable_title":"","footnotes":""},"class_list":["post-28","page","type-page","status-publish","hentry"],"yoast_head":"<!-- This site is optimized with the Yoast SEO plugin v26.4 - https:\/\/yoast.com\/wordpress\/plugins\/seo\/ -->\n<title>Nos engagements - Comit\u00e9 Ecologique Ari\u00e8geois<\/title>\n<meta name=\"robots\" content=\"index, follow, max-snippet:-1, max-image-preview:large, max-video-preview:-1\" \/>\n<link rel=\"canonical\" href=\"https:\/\/comite-ecologique-ariegeois.org\/?page_id=28\" \/>\n<meta property=\"og:locale\" content=\"fr_FR\" \/>\n<meta property=\"og:type\" content=\"article\" \/>\n<meta property=\"og:title\" content=\"Nos engagements - Comit\u00e9 Ecologique Ari\u00e8geois\" \/>\n<meta property=\"og:description\" content=\"Nos engagements Actions en justice Si aucune autre voie raisonnable ne peut se mettre en place, le CEA peut d\u00e9cider de se pourvoir devant les diff\u00e9rentes juridictions. Retrouvez nos actions pass\u00e9es et en cours Nos dossiers Les sujets d\u00e9fendus par le CEA concernent de nombreux domaines : biodiversit\u00e9 ; eau ; \u00e9nergie, climat ; am\u00e9nagements,&hellip;&nbsp;Lire la suite &raquo;Nos engagements\" \/>\n<meta property=\"og:url\" content=\"https:\/\/comite-ecologique-ariegeois.org\/?page_id=28\" \/>\n<meta property=\"og:site_name\" content=\"Comit\u00e9 Ecologique Ari\u00e8geois\" \/>\n<meta property=\"article:publisher\" content=\"https:\/\/www.facebook.com\/comite.ariegeois\/\" \/>\n<meta property=\"article:modified_time\" content=\"2026-02-19T11:46:43+00:00\" \/>\n<meta property=\"og:image\" content=\"https:\/\/comite-ecologique-ariegeois.org\/wp-content\/uploads\/elementor\/thumbs\/Photo-CEA-Palais-justice-Foix_30-01-2025_NX-r0s2t0pk4ecyehcc1ee08qvtngacgdn3q2lyogca10.jpg\" \/>\n<meta name=\"twitter:card\" content=\"summary_large_image\" \/>\n<meta name=\"twitter:label1\" content=\"Dur\u00e9e de lecture estim\u00e9e\" \/>\n\t<meta name=\"twitter:data1\" content=\"2 minutes\" \/>\n<script type=\"application\/ld+json\" class=\"yoast-schema-graph\">{\"@context\":\"https:\/\/schema.org\",\"@graph\":[{\"@type\":\"WebPage\",\"@id\":\"https:\/\/comite-ecologique-ariegeois.org\/?page_id=28\",\"url\":\"https:\/\/comite-ecologique-ariegeois.org\/?page_id=28\",\"name\":\"Nos engagements - Comit\u00e9 Ecologique Ari\u00e8geois\",\"isPartOf\":{\"@id\":\"https:\/\/comite-ecologique-ariegeois.org\/#website\"},\"primaryImageOfPage\":{\"@id\":\"https:\/\/comite-ecologique-ariegeois.org\/?page_id=28#primaryimage\"},\"image\":{\"@id\":\"https:\/\/comite-ecologique-ariegeois.org\/?page_id=28#primaryimage\"},\"thumbnailUrl\":\"https:\/\/comite-ecologique-ariegeois.org\/wp-content\/uploads\/elementor\/thumbs\/Photo-CEA-Palais-justice-Foix_30-01-2025_NX-r0s2t0pk4ecyehcc1ee08qvtngacgdn3q2lyogca10.jpg\",\"datePublished\":\"2024-05-23T20:21:41+00:00\",\"dateModified\":\"2026-02-19T11:46:43+00:00\",\"breadcrumb\":{\"@id\":\"https:\/\/comite-ecologique-ariegeois.org\/?page_id=28#breadcrumb\"},\"inLanguage\":\"fr-FR\",\"potentialAction\":[{\"@type\":\"ReadAction\",\"target\":[\"https:\/\/comite-ecologique-ariegeois.org\/?page_id=28\"]}]},{\"@type\":\"ImageObject\",\"inLanguage\":\"fr-FR\",\"@id\":\"https:\/\/comite-ecologique-ariegeois.org\/?page_id=28#primaryimage\",\"url\":\"https:\/\/comite-ecologique-ariegeois.org\/wp-content\/uploads\/elementor\/thumbs\/Photo-CEA-Palais-justice-Foix_30-01-2025_NX-r0s2t0pk4ecyehcc1ee08qvtngacgdn3q2lyogca10.jpg\",\"contentUrl\":\"https:\/\/comite-ecologique-ariegeois.org\/wp-content\/uploads\/elementor\/thumbs\/Photo-CEA-Palais-justice-Foix_30-01-2025_NX-r0s2t0pk4ecyehcc1ee08qvtngacgdn3q2lyogca10.jpg\"},{\"@type\":\"BreadcrumbList\",\"@id\":\"https:\/\/comite-ecologique-ariegeois.org\/?page_id=28#breadcrumb\",\"itemListElement\":[{\"@type\":\"ListItem\",\"position\":1,\"name\":\"Accueil\",\"item\":\"https:\/\/comite-ecologique-ariegeois.org\/\"},{\"@type\":\"ListItem\",\"position\":2,\"name\":\"Nos engagements\"}]},{\"@type\":\"WebSite\",\"@id\":\"https:\/\/comite-ecologique-ariegeois.org\/#website\",\"url\":\"https:\/\/comite-ecologique-ariegeois.org\/\",\"name\":\"Comit\u00e9 Ecologique Ari\u00e8geois\",\"description\":\"Assotiation de protection de la nature\",\"publisher\":{\"@id\":\"https:\/\/comite-ecologique-ariegeois.org\/#organization\"},\"potentialAction\":[{\"@type\":\"SearchAction\",\"target\":{\"@type\":\"EntryPoint\",\"urlTemplate\":\"https:\/\/comite-ecologique-ariegeois.org\/?s={search_term_string}\"},\"query-input\":{\"@type\":\"PropertyValueSpecification\",\"valueRequired\":true,\"valueName\":\"search_term_string\"}}],\"inLanguage\":\"fr-FR\"},{\"@type\":\"Organization\",\"@id\":\"https:\/\/comite-ecologique-ariegeois.org\/#organization\",\"name\":\"Comit\u00e9 Ecologique Ari\u00e8geois\",\"url\":\"https:\/\/comite-ecologique-ariegeois.org\/\",\"logo\":{\"@type\":\"ImageObject\",\"inLanguage\":\"fr-FR\",\"@id\":\"https:\/\/comite-ecologique-ariegeois.org\/#\/schema\/logo\/image\/\",\"url\":\"https:\/\/comite-ecologique-ariegeois.org\/wp-content\/uploads\/2025\/01\/logo_nouveau_cea_jpeg_250pix_02_03_24-a8816.jpg\",\"contentUrl\":\"https:\/\/comite-ecologique-ariegeois.org\/wp-content\/uploads\/2025\/01\/logo_nouveau_cea_jpeg_250pix_02_03_24-a8816.jpg\",\"width\":250,\"height\":250,\"caption\":\"Comit\u00e9 Ecologique Ari\u00e8geois\"},\"image\":{\"@id\":\"https:\/\/comite-ecologique-ariegeois.org\/#\/schema\/logo\/image\/\"},\"sameAs\":[\"https:\/\/www.facebook.com\/comite.ariegeois\/\",\"https:\/\/www.instagram.com\/comite.ecologique.ariegeois\/\"]}]}<\/script>\n<!-- \/ Yoast SEO plugin. -->","yoast_head_json":{"title":"Nos engagements - Comit\u00e9 Ecologique Ari\u00e8geois","robots":{"index":"index","follow":"follow","max-snippet":"max-snippet:-1","max-image-preview":"max-image-preview:large","max-video-preview":"max-video-preview:-1"},"canonical":"https:\/\/comite-ecologique-ariegeois.org\/?page_id=28","og_locale":"fr_FR","og_type":"article","og_title":"Nos engagements - Comit\u00e9 Ecologique Ari\u00e8geois","og_description":"Nos engagements Actions en justice Si aucune autre voie raisonnable ne peut se mettre en place, le CEA peut d\u00e9cider de se pourvoir devant les diff\u00e9rentes juridictions. Retrouvez nos actions pass\u00e9es et en cours Nos dossiers Les sujets d\u00e9fendus par le CEA concernent de nombreux domaines : biodiversit\u00e9 ; eau ; \u00e9nergie, climat ; am\u00e9nagements,&hellip;&nbsp;Lire la suite &raquo;Nos engagements","og_url":"https:\/\/comite-ecologique-ariegeois.org\/?page_id=28","og_site_name":"Comit\u00e9 Ecologique Ari\u00e8geois","article_publisher":"https:\/\/www.facebook.com\/comite.ariegeois\/","article_modified_time":"2026-02-19T11:46:43+00:00","og_image":[{"url":"https:\/\/comite-ecologique-ariegeois.org\/wp-content\/uploads\/elementor\/thumbs\/Photo-CEA-Palais-justice-Foix_30-01-2025_NX-r0s2t0pk4ecyehcc1ee08qvtngacgdn3q2lyogca10.jpg","type":"","width":"","height":""}],"twitter_card":"summary_large_image","twitter_misc":{"Dur\u00e9e de lecture estim\u00e9e":"2 minutes"},"schema":{"@context":"https:\/\/schema.org","@graph":[{"@type":"WebPage","@id":"https:\/\/comite-ecologique-ariegeois.org\/?page_id=28","url":"https:\/\/comite-ecologique-ariegeois.org\/?page_id=28","name":"Nos engagements - Comit\u00e9 Ecologique Ari\u00e8geois","isPartOf":{"@id":"https:\/\/comite-ecologique-ariegeois.org\/#website"},"primaryImageOfPage":{"@id":"https:\/\/comite-ecologique-ariegeois.org\/?page_id=28#primaryimage"},"image":{"@id":"https:\/\/comite-ecologique-ariegeois.org\/?page_id=28#primaryimage"},"thumbnailUrl":"https:\/\/comite-ecologique-ariegeois.org\/wp-content\/uploads\/elementor\/thumbs\/Photo-CEA-Palais-justice-Foix_30-01-2025_NX-r0s2t0pk4ecyehcc1ee08qvtngacgdn3q2lyogca10.jpg","datePublished":"2024-05-23T20:21:41+00:00","dateModified":"2026-02-19T11:46:43+00:00","breadcrumb":{"@id":"https:\/\/comite-ecologique-ariegeois.org\/?page_id=28#breadcrumb"},"inLanguage":"fr-FR","potentialAction":[{"@type":"ReadAction","target":["https:\/\/comite-ecologique-ariegeois.org\/?page_id=28"]}]},{"@type":"ImageObject","inLanguage":"fr-FR","@id":"https:\/\/comite-ecologique-ariegeois.org\/?page_id=28#primaryimage","url":"https:\/\/comite-ecologique-ariegeois.org\/wp-content\/uploads\/elementor\/thumbs\/Photo-CEA-Palais-justice-Foix_30-01-2025_NX-r0s2t0pk4ecyehcc1ee08qvtngacgdn3q2lyogca10.jpg","contentUrl":"https:\/\/comite-ecologique-ariegeois.org\/wp-content\/uploads\/elementor\/thumbs\/Photo-CEA-Palais-justice-Foix_30-01-2025_NX-r0s2t0pk4ecyehcc1ee08qvtngacgdn3q2lyogca10.jpg"},{"@type":"BreadcrumbList","@id":"https:\/\/comite-ecologique-ariegeois.org\/?page_id=28#breadcrumb","itemListElement":[{"@type":"ListItem","position":1,"name":"Accueil","item":"https:\/\/comite-ecologique-ariegeois.org\/"},{"@type":"ListItem","position":2,"name":"Nos engagements"}]},{"@type":"WebSite","@id":"https:\/\/comite-ecologique-ariegeois.org\/#website","url":"https:\/\/comite-ecologique-ariegeois.org\/","name":"Comit\u00e9 Ecologique Ari\u00e8geois","description":"Assotiation de protection de la nature","publisher":{"@id":"https:\/\/comite-ecologique-ariegeois.org\/#organization"},"potentialAction":[{"@type":"SearchAction","target":{"@type":"EntryPoint","urlTemplate":"https:\/\/comite-ecologique-ariegeois.org\/?s={search_term_string}"},"query-input":{"@type":"PropertyValueSpecification","valueRequired":true,"valueName":"search_term_string"}}],"inLanguage":"fr-FR"},{"@type":"Organization","@id":"https:\/\/comite-ecologique-ariegeois.org\/#organization","name":"Comit\u00e9 Ecologique Ari\u00e8geois","url":"https:\/\/comite-ecologique-ariegeois.org\/","logo":{"@type":"ImageObject","inLanguage":"fr-FR","@id":"https:\/\/comite-ecologique-ariegeois.org\/#\/schema\/logo\/image\/","url":"https:\/\/comite-ecologique-ariegeois.org\/wp-content\/uploads\/2025\/01\/logo_nouveau_cea_jpeg_250pix_02_03_24-a8816.jpg","contentUrl":"https:\/\/comite-ecologique-ariegeois.org\/wp-content\/uploads\/2025\/01\/logo_nouveau_cea_jpeg_250pix_02_03_24-a8816.jpg","width":250,"height":250,"caption":"Comit\u00e9 Ecologique Ari\u00e8geois"},"image":{"@id":"https:\/\/comite-ecologique-ariegeois.org\/#\/schema\/logo\/image\/"},"sameAs":["https:\/\/www.facebook.com\/comite.ariegeois\/","https:\/\/www.instagram.com\/comite.ecologique.ariegeois\/"]}]}},"_links":{"self":[{"href":"https:\/\/comite-ecologique-ariegeois.org\/index.php?rest_route=\/wp\/v2\/pages\/28","targetHints":{"allow":["GET"]}}],"collection":[{"href":"https:\/\/comite-ecologique-ariegeois.org\/index.php?rest_route=\/wp\/v2\/pages"}],"about":[{"href":"https:\/\/comite-ecologique-ariegeois.org\/index.php?rest_route=\/wp\/v2\/types\/page"}],"author":[{"embeddable":true,"href":"https:\/\/comite-ecologique-ariegeois.org\/index.php?rest_route=\/wp\/v2\/users\/2"}],"replies":[{"embeddable":true,"href":"https:\/\/comite-ecologique-ariegeois.org\/index.php?rest_route=%2Fwp%2Fv2%2Fcomments&post=28"}],"version-history":[{"count":108,"href":"https:\/\/comite-ecologique-ariegeois.org\/index.php?rest_route=\/wp\/v2\/pages\/28\/revisions"}],"predecessor-version":[{"id":11312,"href":"https:\/\/comite-ecologique-ariegeois.org\/index.php?rest_route=\/wp\/v2\/pages\/28\/revisions\/11312"}],"wp:attachment":[{"href":"https:\/\/comite-ecologique-ariegeois.org\/index.php?rest_route=%2Fwp%2Fv2%2Fmedia&parent=28"}],"curies":[{"name":"wp","href":"https:\/\/api.w.org\/{rel}","templated":true}]}}