{"id":26,"date":"2024-05-23T22:20:48","date_gmt":"2024-05-23T20:20:48","guid":{"rendered":"https:\/\/comite-ecologique-ariegeois.org\/?page_id=26"},"modified":"2026-01-16T11:15:15","modified_gmt":"2026-01-16T10:15:15","slug":"nous-connaitre","status":"publish","type":"page","link":"https:\/\/comite-ecologique-ariegeois.org\/?page_id=26","title":{"rendered":"Nous conna\u00eetre"},"content":{"rendered":"<h1>Nous conna\u00eetre<\/h1>\n<h3><a href=\"https:\/\/comite-ecologique-ariegeois.org\/?page_id=308\">Notre vocation<\/a><\/h3>\n<p>\t\t\t\t\t\t\t\t\t\t\t\t\t\t\t\t<a href=\"https:\/\/comite-ecologique-ariegeois.org\/?page_id=308\"><br \/>\n\t\t\t\t\t\t\t<img fetchpriority=\"high\" decoding=\"async\" width=\"930\" height=\"620\" src=\"https:\/\/comite-ecologique-ariegeois.org\/wp-content\/uploads\/2024\/12\/Photo-CEA_Col-Pause_NX_16-06-12-099-930x620.jpg\" alt=\"\" srcset=\"https:\/\/comite-ecologique-ariegeois.org\/wp-content\/uploads\/2024\/12\/Photo-CEA_Col-Pause_NX_16-06-12-099-930x620.jpg 930w, https:\/\/comite-ecologique-ariegeois.org\/wp-content\/uploads\/2024\/12\/Photo-CEA_Col-Pause_NX_16-06-12-099-300x199.jpg 300w\" sizes=\"(max-width: 930px) 100vw, 930px\" \/>\t\t\t\t\t\t\t\t<\/a><\/p>\n<p>Vous trouverez sur cette page nos valeurs, nos objectifs, les agr\u00e9ments et habilitations pr\u00e9fectorales ainsi que les statuts de l&rsquo;association<\/p>\n<h3><a href=\"https:\/\/comite-ecologique-ariegeois.org\/?page_id=85\">Vie de l&rsquo;association<\/a><\/h3>\n<p>\t\t\t\t\t\t\t\t\t\t\t\t\t\t\t\t<a href=\"https:\/\/comite-ecologique-ariegeois.org\/?page_id=85\"><br \/>\n\t\t\t\t\t\t\t<img decoding=\"async\" width=\"930\" height=\"620\" src=\"https:\/\/comite-ecologique-ariegeois.org\/wp-content\/uploads\/2024\/12\/Photo-3-lutins_D-Gaio_NX_Signee-930x620.jpg\" alt=\"\" \/>\t\t\t\t\t\t\t\t<\/a><\/p>\n<p>D\u00e9couvrez les fonctionnement coll\u00e9gial de notre conseil d&rsquo;administartion ainsi que nos moyens d&rsquo;action et les calendrier des conseils coll\u00e9giaux<\/p>\n<h3><a href=\"https:\/\/comite-ecologique-ariegeois.org\/?page_id=87\">S&rsquo;engager \u00e0 nos c\u00f4t\u00e9s<\/a><\/h3>\n<p>\t\t\t\t\t\t\t\t\t\t\t\t\t\t\t\t<a href=\"https:\/\/comite-ecologique-ariegeois.org\/?page_id=87\"><br \/>\n\t\t\t\t\t\t\t<img decoding=\"async\" width=\"930\" height=\"620\" src=\"https:\/\/comite-ecologique-ariegeois.org\/wp-content\/uploads\/2024\/08\/03-Massif-du-Valier-930x620.jpg\" alt=\"\" srcset=\"https:\/\/comite-ecologique-ariegeois.org\/wp-content\/uploads\/2024\/08\/03-Massif-du-Valier-930x620.jpg 930w, https:\/\/comite-ecologique-ariegeois.org\/wp-content\/uploads\/2024\/08\/03-Massif-du-Valier-300x199.jpg 300w\" sizes=\"(max-width: 930px) 100vw, 930px\" \/>\t\t\t\t\t\t\t\t<\/a><\/p>\n<p>Pour nous soutenir, vous pouvez adh\u00e9rer, faire des dons et des legs et aussi devenir b\u00e9n\u00e9vole<\/p>\n<h3><a href=\"https:\/\/comite-ecologique-ariegeois.org\/?page_id=89\">Nos partenaires<\/a><\/h3>\n<p>\t\t\t\t\t\t\t\t\t\t\t\t\t\t\t\t<a href=\"https:\/\/comite-ecologique-ariegeois.org\/?page_id=89\"><br \/>\n\t\t\t\t\t\t\t<img loading=\"lazy\" decoding=\"async\" width=\"930\" height=\"620\" src=\"https:\/\/comite-ecologique-ariegeois.org\/wp-content\/uploads\/2024\/12\/IMG_20230922_131746-scaled_01_01_01-e1734614049273-930x620.jpg\" alt=\"\" \/>\t\t\t\t\t\t\t\t<\/a><\/p>\n<p>Nous agissons tr\u00e8s souvent en partenariat avec d\u2019autres associations de protection de l\u2019environnement et des collectifs engag\u00e9s sur le d\u00e9partement : retrouvez-les sur cette page<\/p>\n<h3><a href=\"https:\/\/comite-ecologique-ariegeois.org\/?page_id=176\">Nous contacter<\/a><\/h3>\n<p>\t\t\t\t\t\t\t\t\t\t\t\t\t\t\t\t<a href=\"https:\/\/comite-ecologique-ariegeois.org\/?page_id=176\"><br \/>\n\t\t\t\t\t\t\t<img loading=\"lazy\" decoding=\"async\" width=\"930\" height=\"620\" src=\"https:\/\/comite-ecologique-ariegeois.org\/wp-content\/uploads\/2024\/12\/Photo-troglodyte-personnage_D-GaioI8-Signee-930x620.jpg\" alt=\"\" \/>\t\t\t\t\t\t\t\t<\/a><\/p>\n<p>Par mail ou par courrier, n&rsquo;h\u00e9sitez pas \u00e0 prendre contact avec nous<\/p>\n<h3><a href=\"https:\/\/comite-ecologique-ariegeois.org\/?page_id=493\">Archives<\/a><\/h3>\n<p>\t\t\t\t\t\t\t\t\t\t\t\t\t\t\t\t<a href=\"https:\/\/comite-ecologique-ariegeois.org\/?page_id=493\"><br \/>\n\t\t\t\t\t\t\t<img loading=\"lazy\" decoding=\"async\" width=\"930\" height=\"620\" src=\"https:\/\/comite-ecologique-ariegeois.org\/wp-content\/uploads\/2024\/12\/Photo-lutin_D-Gaio_NX_signee-1-930x620.jpg\" alt=\"\" \/>\t\t\t\t\t\t\t\t<\/a><\/p>\n<p>Vous trouverez sur cette page un acc\u00e8s vers notre ancien site internet. Un tr\u00e9sor d\u2019informations sur l\u2019environnement et sur les luttes \u00e9cologiques en Ari\u00e8ge et au-del\u00e0.<\/p>\n","protected":false},"excerpt":{"rendered":"<p>Nous conna\u00eetre Notre vocation Vous trouverez sur cette page nos valeurs, nos objectifs, les agr\u00e9ments et habilitations pr\u00e9fectorales ainsi que les statuts de l&rsquo;association Vie de l&rsquo;association D\u00e9couvrez les fonctionnement coll\u00e9gial de notre conseil d&rsquo;administartion ainsi que nos moyens d&rsquo;action et les calendrier des conseils coll\u00e9giaux S&rsquo;engager \u00e0 nos c\u00f4t\u00e9s Pour nous soutenir, vous pouvez&hellip;&nbsp;<a href=\"https:\/\/comite-ecologique-ariegeois.org\/?page_id=26\" rel=\"bookmark\">Lire la suite &raquo;<span class=\"screen-reader-text\">Nous conna\u00eetre<\/span><\/a><\/p>\n","protected":false},"author":2,"featured_media":0,"parent":0,"menu_order":0,"comment_status":"closed","ping_status":"closed","template":"","meta":{"neve_meta_sidebar":"","neve_meta_container":"","neve_meta_enable_content_width":"","neve_meta_content_width":0,"neve_meta_title_alignment":"","neve_meta_author_avatar":"","neve_post_elements_order":"","neve_meta_disable_header":"","neve_meta_disable_footer":"","neve_meta_disable_title":"","footnotes":""},"class_list":["post-26","page","type-page","status-publish","hentry"],"yoast_head":"<!-- This site is optimized with the Yoast SEO plugin v26.4 - https:\/\/yoast.com\/wordpress\/plugins\/seo\/ -->\n<title>Nous conna\u00eetre - Comit\u00e9 Ecologique Ari\u00e8geois<\/title>\n<meta name=\"robots\" content=\"index, follow, max-snippet:-1, max-image-preview:large, max-video-preview:-1\" \/>\n<link rel=\"canonical\" href=\"https:\/\/comite-ecologique-ariegeois.org\/?page_id=26\" \/>\n<meta property=\"og:locale\" content=\"fr_FR\" \/>\n<meta property=\"og:type\" content=\"article\" \/>\n<meta property=\"og:title\" content=\"Nous conna\u00eetre - Comit\u00e9 Ecologique Ari\u00e8geois\" \/>\n<meta property=\"og:description\" content=\"Nous conna\u00eetre Notre vocation Vous trouverez sur cette page nos valeurs, nos objectifs, les agr\u00e9ments et habilitations pr\u00e9fectorales ainsi que les statuts de l&rsquo;association Vie de l&rsquo;association D\u00e9couvrez les fonctionnement coll\u00e9gial de notre conseil d&rsquo;administartion ainsi que nos moyens d&rsquo;action et les calendrier des conseils coll\u00e9giaux S&rsquo;engager \u00e0 nos c\u00f4t\u00e9s Pour nous soutenir, vous pouvez&hellip;&nbsp;Lire la suite &raquo;Nous conna\u00eetre\" \/>\n<meta property=\"og:url\" content=\"https:\/\/comite-ecologique-ariegeois.org\/?page_id=26\" \/>\n<meta property=\"og:site_name\" content=\"Comit\u00e9 Ecologique Ari\u00e8geois\" \/>\n<meta property=\"article:publisher\" content=\"https:\/\/www.facebook.com\/comite.ariegeois\/\" \/>\n<meta property=\"article:modified_time\" content=\"2026-01-16T10:15:15+00:00\" \/>\n<meta property=\"og:image\" content=\"https:\/\/comite-ecologique-ariegeois.org\/wp-content\/uploads\/2024\/12\/Photo-CEA_Col-Pause_NX_16-06-12-099-930x620.jpg\" \/>\n<meta name=\"twitter:card\" content=\"summary_large_image\" \/>\n<meta name=\"twitter:label1\" content=\"Dur\u00e9e de lecture estim\u00e9e\" \/>\n\t<meta name=\"twitter:data1\" content=\"2 minutes\" \/>\n<script type=\"application\/ld+json\" class=\"yoast-schema-graph\">{\"@context\":\"https:\/\/schema.org\",\"@graph\":[{\"@type\":\"WebPage\",\"@id\":\"https:\/\/comite-ecologique-ariegeois.org\/?page_id=26\",\"url\":\"https:\/\/comite-ecologique-ariegeois.org\/?page_id=26\",\"name\":\"Nous conna\u00eetre - Comit\u00e9 Ecologique Ari\u00e8geois\",\"isPartOf\":{\"@id\":\"https:\/\/comite-ecologique-ariegeois.org\/#website\"},\"primaryImageOfPage\":{\"@id\":\"https:\/\/comite-ecologique-ariegeois.org\/?page_id=26#primaryimage\"},\"image\":{\"@id\":\"https:\/\/comite-ecologique-ariegeois.org\/?page_id=26#primaryimage\"},\"thumbnailUrl\":\"https:\/\/comite-ecologique-ariegeois.org\/wp-content\/uploads\/2024\/12\/Photo-CEA_Col-Pause_NX_16-06-12-099-930x620.jpg\",\"datePublished\":\"2024-05-23T20:20:48+00:00\",\"dateModified\":\"2026-01-16T10:15:15+00:00\",\"breadcrumb\":{\"@id\":\"https:\/\/comite-ecologique-ariegeois.org\/?page_id=26#breadcrumb\"},\"inLanguage\":\"fr-FR\",\"potentialAction\":[{\"@type\":\"ReadAction\",\"target\":[\"https:\/\/comite-ecologique-ariegeois.org\/?page_id=26\"]}]},{\"@type\":\"ImageObject\",\"inLanguage\":\"fr-FR\",\"@id\":\"https:\/\/comite-ecologique-ariegeois.org\/?page_id=26#primaryimage\",\"url\":\"https:\/\/comite-ecologique-ariegeois.org\/wp-content\/uploads\/2024\/12\/Photo-CEA_Col-Pause_NX_16-06-12-099-scaled.jpg\",\"contentUrl\":\"https:\/\/comite-ecologique-ariegeois.org\/wp-content\/uploads\/2024\/12\/Photo-CEA_Col-Pause_NX_16-06-12-099-scaled.jpg\",\"width\":2560,\"height\":1700},{\"@type\":\"BreadcrumbList\",\"@id\":\"https:\/\/comite-ecologique-ariegeois.org\/?page_id=26#breadcrumb\",\"itemListElement\":[{\"@type\":\"ListItem\",\"position\":1,\"name\":\"Accueil\",\"item\":\"https:\/\/comite-ecologique-ariegeois.org\/\"},{\"@type\":\"ListItem\",\"position\":2,\"name\":\"Nous conna\u00eetre\"}]},{\"@type\":\"WebSite\",\"@id\":\"https:\/\/comite-ecologique-ariegeois.org\/#website\",\"url\":\"https:\/\/comite-ecologique-ariegeois.org\/\",\"name\":\"Comit\u00e9 Ecologique Ari\u00e8geois\",\"description\":\"Assotiation de protection de la nature\",\"publisher\":{\"@id\":\"https:\/\/comite-ecologique-ariegeois.org\/#organization\"},\"potentialAction\":[{\"@type\":\"SearchAction\",\"target\":{\"@type\":\"EntryPoint\",\"urlTemplate\":\"https:\/\/comite-ecologique-ariegeois.org\/?s={search_term_string}\"},\"query-input\":{\"@type\":\"PropertyValueSpecification\",\"valueRequired\":true,\"valueName\":\"search_term_string\"}}],\"inLanguage\":\"fr-FR\"},{\"@type\":\"Organization\",\"@id\":\"https:\/\/comite-ecologique-ariegeois.org\/#organization\",\"name\":\"Comit\u00e9 Ecologique Ari\u00e8geois\",\"url\":\"https:\/\/comite-ecologique-ariegeois.org\/\",\"logo\":{\"@type\":\"ImageObject\",\"inLanguage\":\"fr-FR\",\"@id\":\"https:\/\/comite-ecologique-ariegeois.org\/#\/schema\/logo\/image\/\",\"url\":\"https:\/\/comite-ecologique-ariegeois.org\/wp-content\/uploads\/2025\/01\/logo_nouveau_cea_jpeg_250pix_02_03_24-a8816.jpg\",\"contentUrl\":\"https:\/\/comite-ecologique-ariegeois.org\/wp-content\/uploads\/2025\/01\/logo_nouveau_cea_jpeg_250pix_02_03_24-a8816.jpg\",\"width\":250,\"height\":250,\"caption\":\"Comit\u00e9 Ecologique Ari\u00e8geois\"},\"image\":{\"@id\":\"https:\/\/comite-ecologique-ariegeois.org\/#\/schema\/logo\/image\/\"},\"sameAs\":[\"https:\/\/www.facebook.com\/comite.ariegeois\/\",\"https:\/\/www.instagram.com\/comite.ecologique.ariegeois\/\"]}]}<\/script>\n<!-- \/ Yoast SEO plugin. -->","yoast_head_json":{"title":"Nous conna\u00eetre - Comit\u00e9 Ecologique Ari\u00e8geois","robots":{"index":"index","follow":"follow","max-snippet":"max-snippet:-1","max-image-preview":"max-image-preview:large","max-video-preview":"max-video-preview:-1"},"canonical":"https:\/\/comite-ecologique-ariegeois.org\/?page_id=26","og_locale":"fr_FR","og_type":"article","og_title":"Nous conna\u00eetre - Comit\u00e9 Ecologique Ari\u00e8geois","og_description":"Nous conna\u00eetre Notre vocation Vous trouverez sur cette page nos valeurs, nos objectifs, les agr\u00e9ments et habilitations pr\u00e9fectorales ainsi que les statuts de l&rsquo;association Vie de l&rsquo;association D\u00e9couvrez les fonctionnement coll\u00e9gial de notre conseil d&rsquo;administartion ainsi que nos moyens d&rsquo;action et les calendrier des conseils coll\u00e9giaux S&rsquo;engager \u00e0 nos c\u00f4t\u00e9s Pour nous soutenir, vous pouvez&hellip;&nbsp;Lire la suite &raquo;Nous conna\u00eetre","og_url":"https:\/\/comite-ecologique-ariegeois.org\/?page_id=26","og_site_name":"Comit\u00e9 Ecologique Ari\u00e8geois","article_publisher":"https:\/\/www.facebook.com\/comite.ariegeois\/","article_modified_time":"2026-01-16T10:15:15+00:00","og_image":[{"url":"https:\/\/comite-ecologique-ariegeois.org\/wp-content\/uploads\/2024\/12\/Photo-CEA_Col-Pause_NX_16-06-12-099-930x620.jpg","type":"","width":"","height":""}],"twitter_card":"summary_large_image","twitter_misc":{"Dur\u00e9e de lecture estim\u00e9e":"2 minutes"},"schema":{"@context":"https:\/\/schema.org","@graph":[{"@type":"WebPage","@id":"https:\/\/comite-ecologique-ariegeois.org\/?page_id=26","url":"https:\/\/comite-ecologique-ariegeois.org\/?page_id=26","name":"Nous conna\u00eetre - Comit\u00e9 Ecologique Ari\u00e8geois","isPartOf":{"@id":"https:\/\/comite-ecologique-ariegeois.org\/#website"},"primaryImageOfPage":{"@id":"https:\/\/comite-ecologique-ariegeois.org\/?page_id=26#primaryimage"},"image":{"@id":"https:\/\/comite-ecologique-ariegeois.org\/?page_id=26#primaryimage"},"thumbnailUrl":"https:\/\/comite-ecologique-ariegeois.org\/wp-content\/uploads\/2024\/12\/Photo-CEA_Col-Pause_NX_16-06-12-099-930x620.jpg","datePublished":"2024-05-23T20:20:48+00:00","dateModified":"2026-01-16T10:15:15+00:00","breadcrumb":{"@id":"https:\/\/comite-ecologique-ariegeois.org\/?page_id=26#breadcrumb"},"inLanguage":"fr-FR","potentialAction":[{"@type":"ReadAction","target":["https:\/\/comite-ecologique-ariegeois.org\/?page_id=26"]}]},{"@type":"ImageObject","inLanguage":"fr-FR","@id":"https:\/\/comite-ecologique-ariegeois.org\/?page_id=26#primaryimage","url":"https:\/\/comite-ecologique-ariegeois.org\/wp-content\/uploads\/2024\/12\/Photo-CEA_Col-Pause_NX_16-06-12-099-scaled.jpg","contentUrl":"https:\/\/comite-ecologique-ariegeois.org\/wp-content\/uploads\/2024\/12\/Photo-CEA_Col-Pause_NX_16-06-12-099-scaled.jpg","width":2560,"height":1700},{"@type":"BreadcrumbList","@id":"https:\/\/comite-ecologique-ariegeois.org\/?page_id=26#breadcrumb","itemListElement":[{"@type":"ListItem","position":1,"name":"Accueil","item":"https:\/\/comite-ecologique-ariegeois.org\/"},{"@type":"ListItem","position":2,"name":"Nous conna\u00eetre"}]},{"@type":"WebSite","@id":"https:\/\/comite-ecologique-ariegeois.org\/#website","url":"https:\/\/comite-ecologique-ariegeois.org\/","name":"Comit\u00e9 Ecologique Ari\u00e8geois","description":"Assotiation de protection de la nature","publisher":{"@id":"https:\/\/comite-ecologique-ariegeois.org\/#organization"},"potentialAction":[{"@type":"SearchAction","target":{"@type":"EntryPoint","urlTemplate":"https:\/\/comite-ecologique-ariegeois.org\/?s={search_term_string}"},"query-input":{"@type":"PropertyValueSpecification","valueRequired":true,"valueName":"search_term_string"}}],"inLanguage":"fr-FR"},{"@type":"Organization","@id":"https:\/\/comite-ecologique-ariegeois.org\/#organization","name":"Comit\u00e9 Ecologique Ari\u00e8geois","url":"https:\/\/comite-ecologique-ariegeois.org\/","logo":{"@type":"ImageObject","inLanguage":"fr-FR","@id":"https:\/\/comite-ecologique-ariegeois.org\/#\/schema\/logo\/image\/","url":"https:\/\/comite-ecologique-ariegeois.org\/wp-content\/uploads\/2025\/01\/logo_nouveau_cea_jpeg_250pix_02_03_24-a8816.jpg","contentUrl":"https:\/\/comite-ecologique-ariegeois.org\/wp-content\/uploads\/2025\/01\/logo_nouveau_cea_jpeg_250pix_02_03_24-a8816.jpg","width":250,"height":250,"caption":"Comit\u00e9 Ecologique Ari\u00e8geois"},"image":{"@id":"https:\/\/comite-ecologique-ariegeois.org\/#\/schema\/logo\/image\/"},"sameAs":["https:\/\/www.facebook.com\/comite.ariegeois\/","https:\/\/www.instagram.com\/comite.ecologique.ariegeois\/"]}]}},"_links":{"self":[{"href":"https:\/\/comite-ecologique-ariegeois.org\/index.php?rest_route=\/wp\/v2\/pages\/26","targetHints":{"allow":["GET"]}}],"collection":[{"href":"https:\/\/comite-ecologique-ariegeois.org\/index.php?rest_route=\/wp\/v2\/pages"}],"about":[{"href":"https:\/\/comite-ecologique-ariegeois.org\/index.php?rest_route=\/wp\/v2\/types\/page"}],"author":[{"embeddable":true,"href":"https:\/\/comite-ecologique-ariegeois.org\/index.php?rest_route=\/wp\/v2\/users\/2"}],"replies":[{"embeddable":true,"href":"https:\/\/comite-ecologique-ariegeois.org\/index.php?rest_route=%2Fwp%2Fv2%2Fcomments&post=26"}],"version-history":[{"count":67,"href":"https:\/\/comite-ecologique-ariegeois.org\/index.php?rest_route=\/wp\/v2\/pages\/26\/revisions"}],"predecessor-version":[{"id":7473,"href":"https:\/\/comite-ecologique-ariegeois.org\/index.php?rest_route=\/wp\/v2\/pages\/26\/revisions\/7473"}],"wp:attachment":[{"href":"https:\/\/comite-ecologique-ariegeois.org\/index.php?rest_route=%2Fwp%2Fv2%2Fmedia&parent=26"}],"curies":[{"name":"wp","href":"https:\/\/api.w.org\/{rel}","templated":true}]}}